{"id":157,"date":"2020-04-17T05:50:50","date_gmt":"2020-04-17T05:50:50","guid":{"rendered":"http:\/\/manaco.ird.nc\/?page_id=157"},"modified":"2020-04-17T05:50:50","modified_gmt":"2020-04-17T05:50:50","slug":"publications","status":"publish","type":"page","link":"https:\/\/manaco.ird.nc\/?page_id=157","title":{"rendered":"Publications"},"content":{"rendered":"\n<div class=\"pt-cv-wrapper\"><div class=\"pt-cv-view pt-cv-grid pt-cv-colsys\" id=\"pt-cv-view-da51e16jr4\"><div data-id=\"pt-cv-page-1\" class=\"pt-cv-page\" data-cvc=\"2\"><div class=\"col-md-6 col-sm-6 col-xs-12 pt-cv-content-item pt-cv-1-col\" ><div class='pt-cv-ifield'><a href=\"https:\/\/manaco.ird.nc\/?p=484\" class=\"_self pt-cv-href-thumbnail pt-cv-thumb-default\" target=\"_self\" ><\/a>\n<h4 class=\"pt-cv-title\"><a href=\"https:\/\/manaco.ird.nc\/?p=484\" class=\"_self\" target=\"_self\" >Coral-Focused Climate Change Adaptation and Restoration Based on Accelerating Natural Processes: Launching the \u201cReefs of Hope\u201d Paradigm<\/a><\/h4>\n<div class=\"pt-cv-content\">Austin Bowden-Kerby Oceans 2023,\u00a04(1), 13-26;\u00a0https:\/\/doi.org\/10.3390\/oceans4010002 Abstract The widespread demise of coral reefs due to climate change is now a certainty, ...<br \/><div class=\"pt-cv-rmwrap\"><a href=\"https:\/\/manaco.ird.nc\/?p=484\" class=\"_self pt-cv-readmore btn btn-success\" target=\"_self\">Read More<\/a><\/div><\/div><\/div><\/div>\n<div class=\"col-md-6 col-sm-6 col-xs-12 pt-cv-content-item pt-cv-1-col\" ><div class='pt-cv-ifield'><a href=\"https:\/\/manaco.ird.nc\/?p=188\" class=\"_self pt-cv-href-thumbnail pt-cv-thumb-default\" target=\"_self\" ><img loading=\"lazy\" decoding=\"async\" width=\"300\" height=\"218\" src=\"https:\/\/manaco.ird.nc\/wp-content\/uploads\/2020\/06\/FigMolEcol-300x218.png\" class=\"pt-cv-thumbnail\" alt=\"\" srcset=\"https:\/\/manaco.ird.nc\/wp-content\/uploads\/2020\/06\/FigMolEcol-300x218.png 300w, https:\/\/manaco.ird.nc\/wp-content\/uploads\/2020\/06\/FigMolEcol-768x559.png 768w, https:\/\/manaco.ird.nc\/wp-content\/uploads\/2020\/06\/FigMolEcol.png 820w\" sizes=\"(max-width: 300px) 100vw, 300px\" \/><\/a>\n<h4 class=\"pt-cv-title\"><a href=\"https:\/\/manaco.ird.nc\/?p=188\" class=\"_self\" target=\"_self\" >Seascape genomics reveals candidate molecular targets of heat stress adaptation in three coral species<\/a><\/h4>\n<div class=\"pt-cv-content\">Oliver Selmoni, Ga\u00ebl Lecellier, H\u00e9l\u00e8ne Magalon, Laurent Vigliola, Francesca Benzoni, Christophe Peignon, St\u00e9phane Joost, V\u00e9ronique Berteaux-Lecellier Mol. Ecol. 2021;30:1892\u20131906. https:\/\/doi.org\/10.1111\/mec.15857 ...<br \/><div class=\"pt-cv-rmwrap\"><a href=\"https:\/\/manaco.ird.nc\/?p=188\" class=\"_self pt-cv-readmore btn btn-success\" target=\"_self\">Read More<\/a><\/div><\/div><\/div><\/div>\n<div class=\"col-md-6 col-sm-6 col-xs-12 pt-cv-content-item pt-cv-1-col\" ><div class='pt-cv-ifield'><a href=\"https:\/\/manaco.ird.nc\/?p=284\" class=\"_self pt-cv-href-thumbnail pt-cv-thumb-default\" target=\"_self\" ><img loading=\"lazy\" decoding=\"async\" width=\"300\" height=\"177\" src=\"https:\/\/manaco.ird.nc\/wp-content\/uploads\/2020\/11\/SciRepFig-300x177.png\" class=\"pt-cv-thumbnail\" alt=\"\" srcset=\"https:\/\/manaco.ird.nc\/wp-content\/uploads\/2020\/11\/SciRepFig-300x177.png 300w, https:\/\/manaco.ird.nc\/wp-content\/uploads\/2020\/11\/SciRepFig.png 558w\" sizes=\"(max-width: 300px) 100vw, 300px\" \/><\/a>\n<h4 class=\"pt-cv-title\"><a href=\"https:\/\/manaco.ird.nc\/?p=284\" class=\"_self\" target=\"_self\" >Coral cover surveys corroborate predictions on reef adaptive potential to thermal stress<\/a><\/h4>\n<div class=\"pt-cv-content\">Oliver Selmoni, Ga\u00ebl Lecellier, Laurent Vigliola, V\u00e9ronique Berteaux-Lecellier &amp; St\u00e9phane Joost https:\/\/doi.org\/10.1038\/s41598-020-76604-2 Abstract As anomalous heat waves are causing the ...<br \/><div class=\"pt-cv-rmwrap\"><a href=\"https:\/\/manaco.ird.nc\/?p=284\" class=\"_self pt-cv-readmore btn btn-success\" target=\"_self\">Read More<\/a><\/div><\/div><\/div><\/div>\n<div class=\"col-md-6 col-sm-6 col-xs-12 pt-cv-content-item pt-cv-1-col\" ><div class='pt-cv-ifield'><a href=\"https:\/\/manaco.ird.nc\/?p=215\" class=\"_self pt-cv-href-thumbnail pt-cv-thumb-default\" target=\"_self\" ><img loading=\"lazy\" decoding=\"async\" width=\"300\" height=\"197\" src=\"https:\/\/manaco.ird.nc\/wp-content\/uploads\/2020\/07\/Fig-Frontiers-300x197.png\" class=\"pt-cv-thumbnail\" alt=\"\" srcset=\"https:\/\/manaco.ird.nc\/wp-content\/uploads\/2020\/07\/Fig-Frontiers-300x197.png 300w, https:\/\/manaco.ird.nc\/wp-content\/uploads\/2020\/07\/Fig-Frontiers.png 768w\" sizes=\"(max-width: 300px) 100vw, 300px\" \/><\/a>\n<h4 class=\"pt-cv-title\"><a href=\"https:\/\/manaco.ird.nc\/?p=215\" class=\"_self\" target=\"_self\" >Using Modern Conservation Tools for Innovative Management of Coral Reefs: The MANACO Consortium<\/a><\/h4>\n<div class=\"pt-cv-content\">Oliver Selmoni, Ga\u00ebl Lecellier, Lara Ainley, Antoine Collin, Raimana Doucet, Vaimiti Dubousquet, Hudson Feremaito, Edouard Ito Waia, Stuart Kininmonth, H\u00e9l\u00e8ne ...<br \/><div class=\"pt-cv-rmwrap\"><a href=\"https:\/\/manaco.ird.nc\/?p=215\" class=\"_self pt-cv-readmore btn btn-success\" target=\"_self\">Read More<\/a><\/div><\/div><\/div><\/div>\n<div class=\"col-md-6 col-sm-6 col-xs-12 pt-cv-content-item pt-cv-1-col\" ><div class='pt-cv-ifield'><a href=\"https:\/\/manaco.ird.nc\/?p=193\" class=\"_self pt-cv-href-thumbnail pt-cv-thumb-default\" target=\"_self\" ><img loading=\"lazy\" decoding=\"async\" width=\"285\" height=\"300\" src=\"https:\/\/manaco.ird.nc\/wp-content\/uploads\/2020\/06\/jin2019-285x300.png\" class=\"pt-cv-thumbnail\" alt=\"\" srcset=\"https:\/\/manaco.ird.nc\/wp-content\/uploads\/2020\/06\/jin2019-285x300.png 285w, https:\/\/manaco.ird.nc\/wp-content\/uploads\/2020\/06\/jin2019.png 478w\" sizes=\"(max-width: 285px) 100vw, 285px\" \/><\/a>\n<h4 class=\"pt-cv-title\"><a href=\"https:\/\/manaco.ird.nc\/?p=193\" class=\"_self\" target=\"_self\" >Predicting the spatial distribution of allele frequencies for a gene associated with tolerance to eutrophication and high temperature in the reef-building coral, Acropora millepora, on the Great Barrier Reef<\/a><\/h4>\n<div class=\"pt-cv-content\">Young K. Jin,Stuart Kininmonth,Petra B. Lundgren, Madeleine J. H. van Oppen,Bette L. Willis Abstract https:\/\/doi.org\/10.1007\/s00338-019-01873-x In the face of unprecedented ...<br \/><div class=\"pt-cv-rmwrap\"><a href=\"https:\/\/manaco.ird.nc\/?p=193\" class=\"_self pt-cv-readmore btn btn-success\" target=\"_self\">Read More<\/a><\/div><\/div><\/div><\/div>\n<div class=\"col-md-6 col-sm-6 col-xs-12 pt-cv-content-item pt-cv-1-col\" ><div class='pt-cv-ifield'><a href=\"https:\/\/manaco.ird.nc\/?p=141\" class=\"_self pt-cv-href-thumbnail pt-cv-thumb-default\" target=\"_self\" ><img loading=\"lazy\" decoding=\"async\" width=\"300\" height=\"287\" src=\"https:\/\/manaco.ird.nc\/wp-content\/uploads\/2020\/04\/eval-300x287.png\" class=\"pt-cv-thumbnail\" alt=\"\" srcset=\"https:\/\/manaco.ird.nc\/wp-content\/uploads\/2020\/04\/eval-300x287.png 300w, https:\/\/manaco.ird.nc\/wp-content\/uploads\/2020\/04\/eval-1024x979.png 1024w, https:\/\/manaco.ird.nc\/wp-content\/uploads\/2020\/04\/eval-768x734.png 768w, https:\/\/manaco.ird.nc\/wp-content\/uploads\/2020\/04\/eval-1536x1469.png 1536w, https:\/\/manaco.ird.nc\/wp-content\/uploads\/2020\/04\/eval-2048x1958.png 2048w\" sizes=\"(max-width: 300px) 100vw, 300px\" \/><\/a>\n<h4 class=\"pt-cv-title\"><a href=\"https:\/\/manaco.ird.nc\/?p=141\" class=\"_self\" target=\"_self\" >Seascape genomics as a new tool to empower coral reef conservation strategies: An example on north\u2010western Pacific Acropora digitifera<\/a><\/h4>\n<div class=\"pt-cv-content\">Oliver Selmoni, Estelle Rochat, Gael Lecellier, Veronique Berteaux\u2010Lecellier, St\u00e9phane Joost First published:07 March 2020 https:\/\/doi.org\/10.1111\/eva.12944 Abstract Coral reefs are suffering ...<br \/><div class=\"pt-cv-rmwrap\"><a href=\"https:\/\/manaco.ird.nc\/?p=141\" class=\"_self pt-cv-readmore btn btn-success\" target=\"_self\">Read More<\/a><\/div><\/div><\/div><\/div><\/div><\/div><\/div>\n","protected":false},"excerpt":{"rendered":"","protected":false},"author":1,"featured_media":0,"parent":0,"menu_order":0,"comment_status":"closed","ping_status":"closed","template":"","meta":{"_mo_disable_npp":"","footnotes":""},"class_list":["post-157","page","type-page","status-publish","hentry"],"_links":{"self":[{"href":"https:\/\/manaco.ird.nc\/index.php?rest_route=\/wp\/v2\/pages\/157"}],"collection":[{"href":"https:\/\/manaco.ird.nc\/index.php?rest_route=\/wp\/v2\/pages"}],"about":[{"href":"https:\/\/manaco.ird.nc\/index.php?rest_route=\/wp\/v2\/types\/page"}],"author":[{"embeddable":true,"href":"https:\/\/manaco.ird.nc\/index.php?rest_route=\/wp\/v2\/users\/1"}],"replies":[{"embeddable":true,"href":"https:\/\/manaco.ird.nc\/index.php?rest_route=%2Fwp%2Fv2%2Fcomments&post=157"}],"version-history":[{"count":1,"href":"https:\/\/manaco.ird.nc\/index.php?rest_route=\/wp\/v2\/pages\/157\/revisions"}],"predecessor-version":[{"id":159,"href":"https:\/\/manaco.ird.nc\/index.php?rest_route=\/wp\/v2\/pages\/157\/revisions\/159"}],"wp:attachment":[{"href":"https:\/\/manaco.ird.nc\/index.php?rest_route=%2Fwp%2Fv2%2Fmedia&parent=157"}],"curies":[{"name":"wp","href":"https:\/\/api.w.org\/{rel}","templated":true}]}}

<div class="pt-cv-wrapper"><div class="pt-cv-view pt-cv-grid pt-cv-colsys" id="pt-cv-view-da51e16jr4"><div data-id="pt-cv-page-1" class="pt-cv-page" data-cvc="2"><div class="col-md-6 col-sm-6 col-xs-12 pt-cv-content-item pt-cv-1-col" ><div class='pt-cv-ifield'><a href="https://manaco.ird.nc/?p=484" class="_self pt-cv-href-thumbnail pt-cv-thumb-default" target="_self" ></a>
<h4 class="pt-cv-title"><a href="https://manaco.ird.nc/?p=484" class="_self" target="_self" >Coral-Focused Climate Change Adaptation and Restoration Based on Accelerating Natural Processes: Launching the “Reefs of Hope” Paradigm</a></h4>
<div class="pt-cv-content">Austin Bowden-Kerby Oceans 2023, 4(1), 13-26; https://doi.org/10.3390/oceans4010002 Abstract The widespread demise of coral reefs due to climate change is now a certainty, ...<br /><div class="pt-cv-rmwrap"><a href="https://manaco.ird.nc/?p=484" class="_self pt-cv-readmore btn btn-success" target="_self">Read More</a></div></div></div></div>
<div class="col-md-6 col-sm-6 col-xs-12 pt-cv-content-item pt-cv-1-col" ><div class='pt-cv-ifield'><a href="https://manaco.ird.nc/?p=188" class="_self pt-cv-href-thumbnail pt-cv-thumb-default" target="_self" ><img loading="lazy" decoding="async" width="300" height="218" src="https://manaco.ird.nc/wp-content/uploads/2020/06/FigMolEcol-300x218.png" class="pt-cv-thumbnail" alt="" srcset="https://manaco.ird.nc/wp-content/uploads/2020/06/FigMolEcol-300x218.png 300w, https://manaco.ird.nc/wp-content/uploads/2020/06/FigMolEcol-768x559.png 768w, https://manaco.ird.nc/wp-content/uploads/2020/06/FigMolEcol.png 820w" sizes="(max-width: 300px) 100vw, 300px" /></a>
<h4 class="pt-cv-title"><a href="https://manaco.ird.nc/?p=188" class="_self" target="_self" >Seascape genomics reveals candidate molecular targets of heat stress adaptation in three coral species</a></h4>
<div class="pt-cv-content">Oliver Selmoni, Gaël Lecellier, Hélène Magalon, Laurent Vigliola, Francesca Benzoni, Christophe Peignon, Stéphane Joost, Véronique Berteaux-Lecellier Mol. Ecol. 2021;30:1892–1906. https://doi.org/10.1111/mec.15857 ...<br /><div class="pt-cv-rmwrap"><a href="https://manaco.ird.nc/?p=188" class="_self pt-cv-readmore btn btn-success" target="_self">Read More</a></div></div></div></div>
<div class="col-md-6 col-sm-6 col-xs-12 pt-cv-content-item pt-cv-1-col" ><div class='pt-cv-ifield'><a href="https://manaco.ird.nc/?p=284" class="_self pt-cv-href-thumbnail pt-cv-thumb-default" target="_self" ><img loading="lazy" decoding="async" width="300" height="177" src="https://manaco.ird.nc/wp-content/uploads/2020/11/SciRepFig-300x177.png" class="pt-cv-thumbnail" alt="" srcset="https://manaco.ird.nc/wp-content/uploads/2020/11/SciRepFig-300x177.png 300w, https://manaco.ird.nc/wp-content/uploads/2020/11/SciRepFig.png 558w" sizes="(max-width: 300px) 100vw, 300px" /></a>
<h4 class="pt-cv-title"><a href="https://manaco.ird.nc/?p=284" class="_self" target="_self" >Coral cover surveys corroborate predictions on reef adaptive potential to thermal stress</a></h4>
<div class="pt-cv-content">Oliver Selmoni, Gaël Lecellier, Laurent Vigliola, Véronique Berteaux-Lecellier &amp; Stéphane Joost https://doi.org/10.1038/s41598-020-76604-2 Abstract As anomalous heat waves are causing the ...<br /><div class="pt-cv-rmwrap"><a href="https://manaco.ird.nc/?p=284" class="_self pt-cv-readmore btn btn-success" target="_self">Read More</a></div></div></div></div>
<div class="col-md-6 col-sm-6 col-xs-12 pt-cv-content-item pt-cv-1-col" ><div class='pt-cv-ifield'><a href="https://manaco.ird.nc/?p=215" class="_self pt-cv-href-thumbnail pt-cv-thumb-default" target="_self" ><img loading="lazy" decoding="async" width="300" height="197" src="https://manaco.ird.nc/wp-content/uploads/2020/07/Fig-Frontiers-300x197.png" class="pt-cv-thumbnail" alt="" srcset="https://manaco.ird.nc/wp-content/uploads/2020/07/Fig-Frontiers-300x197.png 300w, https://manaco.ird.nc/wp-content/uploads/2020/07/Fig-Frontiers.png 768w" sizes="(max-width: 300px) 100vw, 300px" /></a>
<h4 class="pt-cv-title"><a href="https://manaco.ird.nc/?p=215" class="_self" target="_self" >Using Modern Conservation Tools for Innovative Management of Coral Reefs: The MANACO Consortium</a></h4>
<div class="pt-cv-content">Oliver Selmoni, Gaël Lecellier, Lara Ainley, Antoine Collin, Raimana Doucet, Vaimiti Dubousquet, Hudson Feremaito, Edouard Ito Waia, Stuart Kininmonth, Hélène ...<br /><div class="pt-cv-rmwrap"><a href="https://manaco.ird.nc/?p=215" class="_self pt-cv-readmore btn btn-success" target="_self">Read More</a></div></div></div></div>
<div class="col-md-6 col-sm-6 col-xs-12 pt-cv-content-item pt-cv-1-col" ><div class='pt-cv-ifield'><a href="https://manaco.ird.nc/?p=193" class="_self pt-cv-href-thumbnail pt-cv-thumb-default" target="_self" ><img loading="lazy" decoding="async" width="285" height="300" src="https://manaco.ird.nc/wp-content/uploads/2020/06/jin2019-285x300.png" class="pt-cv-thumbnail" alt="" srcset="https://manaco.ird.nc/wp-content/uploads/2020/06/jin2019-285x300.png 285w, https://manaco.ird.nc/wp-content/uploads/2020/06/jin2019.png 478w" sizes="(max-width: 285px) 100vw, 285px" /></a>
<h4 class="pt-cv-title"><a href="https://manaco.ird.nc/?p=193" class="_self" target="_self" >Predicting the spatial distribution of allele frequencies for a gene associated with tolerance to eutrophication and high temperature in the reef-building coral, Acropora millepora, on the Great Barrier Reef</a></h4>
<div class="pt-cv-content">Young K. Jin,Stuart Kininmonth,Petra B. Lundgren, Madeleine J. H. van Oppen,Bette L. Willis Abstract https://doi.org/10.1007/s00338-019-01873-x In the face of unprecedented ...<br /><div class="pt-cv-rmwrap"><a href="https://manaco.ird.nc/?p=193" class="_self pt-cv-readmore btn btn-success" target="_self">Read More</a></div></div></div></div>
<div class="col-md-6 col-sm-6 col-xs-12 pt-cv-content-item pt-cv-1-col" ><div class='pt-cv-ifield'><a href="https://manaco.ird.nc/?p=141" class="_self pt-cv-href-thumbnail pt-cv-thumb-default" target="_self" ><img loading="lazy" decoding="async" width="300" height="287" src="https://manaco.ird.nc/wp-content/uploads/2020/04/eval-300x287.png" class="pt-cv-thumbnail" alt="" srcset="https://manaco.ird.nc/wp-content/uploads/2020/04/eval-300x287.png 300w, https://manaco.ird.nc/wp-content/uploads/2020/04/eval-1024x979.png 1024w, https://manaco.ird.nc/wp-content/uploads/2020/04/eval-768x734.png 768w, https://manaco.ird.nc/wp-content/uploads/2020/04/eval-1536x1469.png 1536w, https://manaco.ird.nc/wp-content/uploads/2020/04/eval-2048x1958.png 2048w" sizes="(max-width: 300px) 100vw, 300px" /></a>
<h4 class="pt-cv-title"><a href="https://manaco.ird.nc/?p=141" class="_self" target="_self" >Seascape genomics as a new tool to empower coral reef conservation strategies: An example on north‐western Pacific Acropora digitifera</a></h4>
<div class="pt-cv-content">Oliver Selmoni, Estelle Rochat, Gael Lecellier, Veronique Berteaux‐Lecellier, Stéphane Joost First published:07 March 2020 https://doi.org/10.1111/eva.12944 Abstract Coral reefs are suffering ...<br /><div class="pt-cv-rmwrap"><a href="https://manaco.ird.nc/?p=141" class="_self pt-cv-readmore btn btn-success" target="_self">Read More</a></div></div></div></div></div></div></div>
