{"id":104,"date":"2020-01-31T05:36:44","date_gmt":"2020-01-31T05:36:44","guid":{"rendered":"http:\/\/manaco.ird.nc\/?page_id=104"},"modified":"2020-01-31T05:36:44","modified_gmt":"2020-01-31T05:36:44","slug":"projects","status":"publish","type":"page","link":"https:\/\/manaco.ird.nc\/?page_id=104","title":{"rendered":"Projects"},"content":{"rendered":"\n<div class=\"pt-cv-wrapper\"><div class=\"pt-cv-view pt-cv-grid pt-cv-colsys\" id=\"pt-cv-view-41eb6e0z2j\"><div data-id=\"pt-cv-page-1\" class=\"pt-cv-page\" data-cvc=\"2\"><div class=\"col-md-6 col-sm-6 col-xs-12 pt-cv-content-item pt-cv-1-col\" ><div class='pt-cv-ifield'><a href=\"https:\/\/manaco.ird.nc\/?p=456\" class=\"_self pt-cv-href-thumbnail pt-cv-thumb-default\" target=\"_self\" ><img loading=\"lazy\" decoding=\"async\" width=\"300\" height=\"116\" src=\"https:\/\/manaco.ird.nc\/wp-content\/uploads\/2022\/08\/Image1-MANACO-1-300x116.png\" class=\"pt-cv-thumbnail\" alt=\"\" srcset=\"https:\/\/manaco.ird.nc\/wp-content\/uploads\/2022\/08\/Image1-MANACO-1-300x116.png 300w, https:\/\/manaco.ird.nc\/wp-content\/uploads\/2022\/08\/Image1-MANACO-1-1024x397.png 1024w, https:\/\/manaco.ird.nc\/wp-content\/uploads\/2022\/08\/Image1-MANACO-1-768x298.png 768w, https:\/\/manaco.ird.nc\/wp-content\/uploads\/2022\/08\/Image1-MANACO-1-650x250.png 650w, https:\/\/manaco.ird.nc\/wp-content\/uploads\/2022\/08\/Image1-MANACO-1.png 1291w\" sizes=\"(max-width: 300px) 100vw, 300px\" \/><\/a>\n<h4 class=\"pt-cv-title\"><a href=\"https:\/\/manaco.ird.nc\/?p=456\" class=\"_self\" target=\"_self\" >Le Potentiel Adaptatif des COraux en appui \u00e0 la gestion des r\u00e9cifs coralliens des Antilles fran\u00e7aises et de Mayotte<\/a><\/h4>\n<div class=\"pt-cv-content\">Suite \u00e0 l\u2019appel \u00e0 manifestation d\u2019int\u00e9r\u00eat de l\u2019Office Fran\u00e7ais de la Biodiversit\u00e9 (OFB) pour cofinancer des projets permettant l\u2019am\u00e9lioration des ...<br \/><div class=\"pt-cv-rmwrap\"><a href=\"https:\/\/manaco.ird.nc\/?p=456\" class=\"_self pt-cv-readmore btn btn-success\" target=\"_self\">Read More<\/a><\/div><\/div><\/div><\/div>\n<div class=\"col-md-6 col-sm-6 col-xs-12 pt-cv-content-item pt-cv-1-col\" ><div class='pt-cv-ifield'><a href=\"https:\/\/manaco.ird.nc\/?p=100\" class=\"_self pt-cv-href-thumbnail pt-cv-thumb-default\" target=\"_self\" ><img loading=\"lazy\" decoding=\"async\" width=\"300\" height=\"199\" src=\"https:\/\/manaco.ird.nc\/wp-content\/uploads\/2020\/01\/SABLE-300x199.png\" class=\"pt-cv-thumbnail\" alt=\"\" srcset=\"https:\/\/manaco.ird.nc\/wp-content\/uploads\/2020\/01\/SABLE-300x199.png 300w, https:\/\/manaco.ird.nc\/wp-content\/uploads\/2020\/01\/SABLE-768x509.png 768w, https:\/\/manaco.ird.nc\/wp-content\/uploads\/2020\/01\/SABLE.png 1024w\" sizes=\"(max-width: 300px) 100vw, 300px\" \/><\/a>\n<h4 class=\"pt-cv-title\"><a href=\"https:\/\/manaco.ird.nc\/?p=100\" class=\"_self\" target=\"_self\" >Sable project<\/a><\/h4>\n<div class=\"pt-cv-content\">In future, conservation efforts to preserve coral reefs will increasingly depend on the adaptation capabilities of corals, an aspect rarely ...<br \/><div class=\"pt-cv-rmwrap\"><a href=\"https:\/\/manaco.ird.nc\/?p=100\" class=\"_self pt-cv-readmore btn btn-success\" target=\"_self\">Read More<\/a><\/div><\/div><\/div><\/div><\/div><\/div><\/div>\n","protected":false},"excerpt":{"rendered":"","protected":false},"author":1,"featured_media":0,"parent":0,"menu_order":0,"comment_status":"closed","ping_status":"closed","template":"","meta":{"_mo_disable_npp":"","footnotes":""},"class_list":["post-104","page","type-page","status-publish","hentry"],"_links":{"self":[{"href":"https:\/\/manaco.ird.nc\/index.php?rest_route=\/wp\/v2\/pages\/104"}],"collection":[{"href":"https:\/\/manaco.ird.nc\/index.php?rest_route=\/wp\/v2\/pages"}],"about":[{"href":"https:\/\/manaco.ird.nc\/index.php?rest_route=\/wp\/v2\/types\/page"}],"author":[{"embeddable":true,"href":"https:\/\/manaco.ird.nc\/index.php?rest_route=\/wp\/v2\/users\/1"}],"replies":[{"embeddable":true,"href":"https:\/\/manaco.ird.nc\/index.php?rest_route=%2Fwp%2Fv2%2Fcomments&post=104"}],"version-history":[{"count":1,"href":"https:\/\/manaco.ird.nc\/index.php?rest_route=\/wp\/v2\/pages\/104\/revisions"}],"predecessor-version":[{"id":105,"href":"https:\/\/manaco.ird.nc\/index.php?rest_route=\/wp\/v2\/pages\/104\/revisions\/105"}],"wp:attachment":[{"href":"https:\/\/manaco.ird.nc\/index.php?rest_route=%2Fwp%2Fv2%2Fmedia&parent=104"}],"curies":[{"name":"wp","href":"https:\/\/api.w.org\/{rel}","templated":true}]}}

<div class="pt-cv-wrapper"><div class="pt-cv-view pt-cv-grid pt-cv-colsys" id="pt-cv-view-41eb6e0z2j"><div data-id="pt-cv-page-1" class="pt-cv-page" data-cvc="2"><div class="col-md-6 col-sm-6 col-xs-12 pt-cv-content-item pt-cv-1-col" ><div class='pt-cv-ifield'><a href="https://manaco.ird.nc/?p=456" class="_self pt-cv-href-thumbnail pt-cv-thumb-default" target="_self" ><img loading="lazy" decoding="async" width="300" height="116" src="https://manaco.ird.nc/wp-content/uploads/2022/08/Image1-MANACO-1-300x116.png" class="pt-cv-thumbnail" alt="" srcset="https://manaco.ird.nc/wp-content/uploads/2022/08/Image1-MANACO-1-300x116.png 300w, https://manaco.ird.nc/wp-content/uploads/2022/08/Image1-MANACO-1-1024x397.png 1024w, https://manaco.ird.nc/wp-content/uploads/2022/08/Image1-MANACO-1-768x298.png 768w, https://manaco.ird.nc/wp-content/uploads/2022/08/Image1-MANACO-1-650x250.png 650w, https://manaco.ird.nc/wp-content/uploads/2022/08/Image1-MANACO-1.png 1291w" sizes="(max-width: 300px) 100vw, 300px" /></a>
<h4 class="pt-cv-title"><a href="https://manaco.ird.nc/?p=456" class="_self" target="_self" >Le Potentiel Adaptatif des COraux en appui à la gestion des récifs coralliens des Antilles françaises et de Mayotte</a></h4>
<div class="pt-cv-content">Suite à l’appel à manifestation d’intérêt de l’Office Français de la Biodiversité (OFB) pour cofinancer des projets permettant l’amélioration des ...<br /><div class="pt-cv-rmwrap"><a href="https://manaco.ird.nc/?p=456" class="_self pt-cv-readmore btn btn-success" target="_self">Read More</a></div></div></div></div>
<div class="col-md-6 col-sm-6 col-xs-12 pt-cv-content-item pt-cv-1-col" ><div class='pt-cv-ifield'><a href="https://manaco.ird.nc/?p=100" class="_self pt-cv-href-thumbnail pt-cv-thumb-default" target="_self" ><img loading="lazy" decoding="async" width="300" height="199" src="https://manaco.ird.nc/wp-content/uploads/2020/01/SABLE-300x199.png" class="pt-cv-thumbnail" alt="" srcset="https://manaco.ird.nc/wp-content/uploads/2020/01/SABLE-300x199.png 300w, https://manaco.ird.nc/wp-content/uploads/2020/01/SABLE-768x509.png 768w, https://manaco.ird.nc/wp-content/uploads/2020/01/SABLE.png 1024w" sizes="(max-width: 300px) 100vw, 300px" /></a>
<h4 class="pt-cv-title"><a href="https://manaco.ird.nc/?p=100" class="_self" target="_self" >Sable project</a></h4>
<div class="pt-cv-content">In future, conservation efforts to preserve coral reefs will increasingly depend on the adaptation capabilities of corals, an aspect rarely ...<br /><div class="pt-cv-rmwrap"><a href="https://manaco.ird.nc/?p=100" class="_self pt-cv-readmore btn btn-success" target="_self">Read More</a></div></div></div></div></div></div></div>
